etermine q(-4).
78
Let o(f) = 13*f**2 + 102*f + 21. Give o(-8).
37
Let m(i) = 10*i**2 - 55*i - 57. Give m(11).
548
Let y(d) = 2*d**3 - 10*d**2 + 7*d + 5. What is y(5)?
40
Let m(i) = i**3 - 24*i**2 + 18*i + 115. Determine m(23).
0
Let r(x) = 55*x + 171. Calculate r(-4).
-49
Let u(q) = 4*q**3 + 6*q**2 + 5*q + 2. Determine u(4).
374
Let g(r) = 10*r**2 + 229*r - 919. Calculate g(4).
157
Let b(i) = -8*i + 15. Determine b(-2).
31
Let u(c) = 24*c**2 - 189*c + 3. Give u(8).
27
Let d(h) = 7*h**3 + 5*h**2 + 7*h + 9. Calculate d(-3).
-156
Let k(g) = 1959*g - 158683. Give k(81).
-4
Let i(v) = 2*v**2 + 165*v - 426. What is i(-85)?
-1
Let w(s) = s**2 - 5189*s - 51999. What is w(-10)?
-9
Let q(p) = -5*p**2 - 39*p + 70. What is q(-10)?
-40
Let n(x) = 6*x**2 + 108*x - 15. What is n(-18)?
-15
Let y(n) = 75*n**2 - n + 4. Determine y(1).
78
Let o(h) = 1412*h - 1418. Determine o(1).
-6
Let b(f) = -293*f - 5069. Give b(-17).
-88
Let b(c) = -4*c**2 - 89*c - 261. Give b(-19).
-14
Let i(m) = -m**3 + 28*m**2 + 35*m - 148. Determine i(29).
26
Let l(h) = -88*h + 1704. Determine l(19).
32
Let h(p) = 291*p + 880. Calculate h(-6).
-866
Let r(h) = h**3 + 52*h**2 - 166*h. What is r(3)?
-3
Let k(g) = g**2 - 46*g + 475. Calculate k(12).
67
Let a(j) = -356*j - 1451. Calculate a(-4).
-27
Let d(z) = -z**2 + 21*z + 38. Determine d(31).
-272
Let l(m) = -m**2 - 13*m + 223. Calculate l(-23).
-7
Let v(y) = 33*y - 201. Give v(9).
96
Let w(v) = v**3 - 30*v**2 - 16*v - 196. What is w(31)?
269
Let b(j) = -7*j**2 - 58*j - 14. What is b(-8)?
2
Let f(k) = -261*k + 1505. What is f(5)?
200
Let g(y) = 3*y**2 - 321*y + 1051. Give g(104).
115
Let o(z) = -155*z + 4797. What is o(31)?
-8
Let s(k) = k**3 - 20*k**2 + 103*k - 35. Give s(9).
1
Let n(f) = 10*f + 13. Calculate n(-10).
-87
Let l(w) = -383*w - 19510. What is l(-51)?
23
Let m(p) = -4*p**2 + 36*p - 66. What is m(7)?
-10
Let m(v) = 6*v**2 - 15*v - 35. What is m(6)?
91
Let p(j) = j**3 + 16*j**2 + 4. What is p(-16)?
4
Let d(i) = 19*i**3 - 13*i**2 - 1. Calculate d(1).
5
Let n(c) = c**3 - 26*c**2 - 747*c - 281. Give n(-17).
-9
Let x(o) = -3*o**3 + 242*o**2 - 162*o + 161. What is x(80)?
1
Let m(p) = -p**3 + 56*p**2 - 56*p + 43. What is m(55)?
-12
Let x(w) = -265*w - 2316. Give x(-9).
69
Let u(m) = 4*m**2 + 8*m - 19. Determine u(2).
13
Let v(c) = -4*c**2 + 78*c - 10. Give v(17).
160
Let k(l) = -478*l + 1954. Give k(4).
42
Let p(x) = -x**2 - 15*x - 82. What is p(-13)?
-56
Let m(r) = -r**2 + 81*r + 415. Give m(-5).
-15
Let n(s) = s + 86. Calculate n(22).
108
Let s(d) = -2*d**2 - 529*d + 2685. What is s(5)?
-10
Let c(t) = -11*t + 487. Calculate c(7).
410
Let u(x) = x**3 + 7*x**2 - 21*x - 2. What is u(-9)?
25
Let g(a) = 3*a**3 - 9*a**2 - 45*a + 219. What is g(6)?
273
Let b(j) = -j**3 + 201*j**2 - 9500*j - 44. Give b(76).
-44
Let v(f) = 1253*f - 6226. What is v(5)?
39
Let c(o) = -8*o - 706. Give c(-104).
126
Let r(d) = d**3 - 6*d**2 - 16*d + 62. Calculate r(3).
-13
Let o(r) = -r**2 - 25*r + 55. What is o(-27)?
1
Let v(m) = m**3 - 31*m**2 + 31*m - 43. What is v(30)?
-13
Let l(u) = -u**2 - 103*u - 1362. What is l(-87)?
30
Let l(s) = -102*s**3 - s**2 + 3*s - 1. Calculate l(1).
-101
Let f(n) = 4*n**2 + 170*n + 915. Calculate f(-36).
-21
Let p(t) = -89*t**3 - t - 1. Give p(1).
-91
Let g(a) = 5410*a + 860195. What is g(-159)?
5
Let f(j) = 16*j**2 + 85*j - 250. Give f(3).
149
Let c(w) = w**3 + 95*w**2 - 324*w - 12635. Determine c(-97).
-25
Let v(y) = 25*y**3 + 5*y**2 - 3*y + 3. Determine v(-4).
-1505
Let l(d) = d**3 + 5*d**2 + 20*d - 69. Calculate l(2).
-1
Let b(q) = 24*q + 195. What is b(-9)?
-21
Let l(a) = a**3 - 11*a**2 + 26*a + 1. Determine l(7).
-13
Let s(k) = -2*k**3 - 38*k**2 - 45*k - 158. Determine s(-18).
4
Let j(y) = -y**3 + 90*y**2 - 864*y - 385. Determine j(79).
10
Let u(k) = 14*k**3 - 86*k**2 + 70*k - 376. What is u(6)?
-28
Let r(w) = -41*w - 1135. Calculate r(-6).
-889
Let s(w) = 2*w**3 + 19*w**2 + 56*w - 11. Determine s(-5).
-66
Let q(w) = -68*w - 76. Give q(2).
-212
Let l(q) = -33*q + 92. Determine l(7).
-139
Let p(x) = 2*x**3 - 10*x**2 - 13*x + 53. Calculate p(5).
-12
Let y(r) = -r**3 - 3*r**2 + 21*r + 49. Determine y(-4).
-19
Let l(c) = c**2 - 31*c + 88. Give l(29).
30
Let d(a) = 2*a**3 - 33*a**2 - 67*a + 912. Calculate d(17).
62
Let s(w) = -w**2 + 27*w - 15. Calculate s(30).
-105
Let q(x) = 222*x**2 - 2219*x + 3. Give q(10).
13
Let q(c) = -c**3 - 72*c**2 + 86*c + 745. Calculate q(-73).
-204
Let u(x) = 27*x + 900. What is u(-35)?
-45
Let r(o) = o**3 + 43*o**2 + 347*o + 17212. What is r(-44)?
8
Let t(y) = 8*y**2 + 29*y - 36. Calculate t(-5).
19
Let s(n) = n**2 + 22*n - 256. What is s(-34)?
152
Let i(c) = c**3 + 19*c**2 + 31*c - 67. Give i(-16).
205
Let f(o) = 94*o - 775. Determine f(11).
259
Let b(d) = -7*d**2 - 77*d - 151. Calculate b(-9).
-25
Let t(g) = -g**2 - 590*g - 6267. Give t(-11).
102
Let s(l) = -2*l**2 - 114*l - 1440. Determine s(-19).
4
Let p(k) = 46*k**2 - 96*k + 10. Give p(2).
2
Let y(q) = 2*q**2 - 60*q - 63. Give y(30).
-63
Let a(r) = -r**2 - 221*r - 1502. Calculate a(-7).
-4
Let l(b) = 3*b**3 - 20*b**2 + 90*b - 471. What is l(6)?
-3
Let l(z) = -z**3 - 3*z**2 - 177*z + 561. Calculate l(3).
-24
Let j(o) = -332*o - 47476. Give j(-143).
0
Let q(b) = b**3 - 81*b**2 + 159*b - 90. Calculate q(79).
-11
Let w(y) = y + 255. Calculate w(-20).
235
Let m(q) = -q**2 - 60*q + 4147. Give m(-101).
6
Let l(x) = 2*x**3 + 6*x**2 - 23*x + 11. Calculate l(2).
5
Let w(j) = -j**3 + 45*j**2 + 45*j + 25. What is w(46)?
-21
Let o(a) = -49*a + 86. Calculate o(2).
-12
Let c(b) = b**3 - 55*b**2 - 104*b - 634. Calculate c(57).
-64
Let a(g) = 2*g**3 - 23*g**2 + 3*g + 160. Determine a(10).
-110
Let l(n) = -n**3 + 93*n**2 + 78*n - 7249. What is l(93)?
5
Let m(g) = -2*g**2 - 65*g + 784. Calculate m(-42).
-14
Let a(g) = 3*g**3 + 48*g**2 - 3*g - 45. Give a(-16).
3
Let a(f) = 2*f**3 + 133*f**2 + 321*f + 48. Determine a(-64).
-16
Let h(m) = -m**2 + 149*m - 5511. Calculate h(85).
-71
Let v(l) = -6996*l + 104932. Give v(15).
-8
Let m(r) = -r**3 - 3*r**2 - 14*r - 62. Calculate m(-4).
10
Let a(g) = -2*g**2 - 230*g - 4902. Give a(-28).
-30
Let p(k) = 56*k - 299. Determine p(6).
37
Let j(r) = r**3 + 56*r**2 - 70*r - 736. Calculate j(-57).
5
Let g(n) = -4639*n + 4646. Calculate g(1).
7
Let x(o) = -6024*o - 18118. Give x(-3).
-46
Let o(u) = 2551*u + 20411. What is o(-8)?
3
Let b(q) = 4*q**2 + 23*q - 338. What is b(12)?
514
Let i(r) = -12*r - 321. Give i(-12).
-177
Let z(g) = -13*g - 27. Calculate z(-8).
77
Let n(g) = 7*g**3 - 6*g**2 - 7*g - 9. What is n(-3)?
-231
Let s(i) = -8*i**2 + 413*i - 266. Determine s(51).
-11
Let r(y) = 1538*y - 4611. Calculate r(3).
3
Let z(j) = -2*j**2 - 24*j - 74. Determine z(-9).
-20
Let p(i) = 18*i + 655. Give p(-32).
79
Let s(t) = 5*t**2 + 36*t + 26. Determine s(-7).
19
Let f(w) = w**2 - 6*w + 11. Determine f(7).
18
Let y(l) = -186*l**2 + 1301*l - 18. Calculate y(7).
-25
Let g(c) = -3*c**2 + 71*c - 33. Calculate g(23).
13
Let s(a) = 6136*a - 85916. Give s(14).
-12
Let u(j) = 31*j + 877. Calculate u(-31).
-84
Let v(m) = -6*m**3 - 4*m**2 + m + 3. Calculate v(3).
-192
Let q(w) = 25582*w + 127918. Determine q(-5).
8
Let d(s) = s**2 - 39*s - 3508. Determine d(-43).
18
Let n(v) = -60*v - 43. Give n(-1).
17
Let u(j) = j**3 + 10*j**2 + 44*j + 19. What is u(-3)?
-50
Let z(k) = -8*k**2 - 343*k - 33. Give z(-43).
-76
Let t(h) = -3*h**3 + 108*h**2 - 7*h + 218. Calculate t(36).
-34
Let n(a) = 92*a**2 + 558*a + 21. Determine n(-6).
-15
Let b(x) = x**3 + 24*x**2 + 26*x + 79. What is b(-23)?
10
Let v(c) = 117*c + 1619. Calculate v(-14).
-19
Let b(h) = -17*h - 1102. Give b(-64).
-14
Let l(p) = p**3 + 30*p**2 - 7. Give l(-30).
-7
Let o(w) = 2*w**2 + 290*w + 869. What is o(-3)?
17
Let o(g) = -g**3 - 15*g**2 - 16*g - 17. Determine o(-13).
-147
Let t(p) = p**2 - 14*p + 77. Calculate t(12).
53
Let q(x) = 72*x + 5322. Determine q(-73).
66
Let f(m) = -194*m + 35895. Calculate f(185).
5
Let t(u) = -2*u**3 - 3*u**2 - 57*u - 193. Give t(-3).
5
Let r(z) = -148*z + 4592. Determine r(31).
4
Let h(y) = 314*y - 16982. Determine h(54).
-26
Let g(n) = -54*n - 17. Determine g(2).
-125
Let t(u) = u**3 - 57*u**2 + 100*u - 2466. Calculate t(56).
-2
Let j(c) = -193*c**2 + 198*c - 1. Calculate j(1).
4
Let w(b) = 24733*b + 123658. Give w(-5).
-7
Let c(l) = -l**2 + 4548*l + 146542.